5*k**4/2 + k**3/3 - k + 2. List the prime factors of z(-1).
2, 5
Let q(b) = 5*b**2 + 9*b + 28. List the prime factors of q(-4).
2, 3
Suppose -4*j + 4 = 0, -t + 0*j - 3*j = -59. Let l = -37 + t. What are the prime factors of l?
19
Let m = 16 + -4. Let f(q) = -2*q - 1 + m*q**2 + 2 + 4*q. What are the prime factors of f(-1)?
11
What are the prime factors of ((-1296)/90)/(2/(-10))?
2, 3
Suppose 2 = -4*m + 3*f, 3*m - 5*f = -2*m. Let u = m + 15. What are the prime factors of u?
13
Let l = 4 + 0. Suppose -3*k = 4*y - 7*k - 96, 4*k - 64 = -l*y. List the prime factors of y.
2, 5
Let c be 20/3 - (-3)/9. Suppose 0 = -4*o + 2*o - 2*y - 12, -o + 4 = -4*y. Let g = c + o. List the prime factors of g.
3
Suppose -3*z - 58 = -5*z. Suppose -11 = -4*n + z. Suppose 4*t - n - 34 = 0. List the prime factors of t.
11
Let o(n) be the first derivative of n**2/2 + 14*n + 7. What are the prime factors of o(-10)?
2
Let j(g) = g + 24. Let k be j(-16). Suppose 0 = 5*o + s - 207, o + k*s - 33 = 5*s. What are the prime factors of o?
2, 3, 7
Suppose 2*z - z = 17. Suppose -z = 4*n + 5*l + 3, 5*n - l - 4 = 0. List the prime factors of -3 + n - 0 - -8.
5
Let u = -17 - -29. What are the prime factors of (-99)/u*24/(-9)?
2, 11
Let r(o) = -o**3 + 6*o**2 + 8*o + 8. Let z(g) = g**2 + 2*g - 3. Let v be z(-4). Suppose 0 = v*b - 32 - 3. List the prime factors of r(b).
3, 5
Suppose -2*k + 63 - 15 = 0. Suppose k = 5*d - 5*h + 3*h, 5*h = -10. List the prime factors of d.
2
Let m(v) be the second derivative of -v**3/3 - 4*v**2 - v. Let z be -8 + (2/1)/1. List the prime factors of m(z).
2
Let l be -2 + (2*-6)/(-4). Let m(x) = 14*x**2 + 4*x. Let c(h) = -13*h**2 - 5*h. Let r(k) = 3*c(k) + 4*m(k). What are the prime factors of r(l)?
2, 3
Let i be 20/(-3)*6/5. Let u(l) = -l**3 - 9*l**2 - 11*l - 12. What are the prime factors of u(i)?
2, 3
Let q = 120 + -25. Suppose -2*a = 3*a - q. What are the prime factors of a?
19
Suppose 3*s - o - 13 = 0, -o = 5*s + o - 40. What are the prime factors of (-3)/s*2*-17?
17
Suppose -4*q - h - 3 = -2*h, 2 = q - 3*h. Let l be (-2)/(-4)*(q + 1). Let n = l + 2. What are the prime factors of n?
2
Let l = -9 - -10. Suppose -12 = -n + l. List the prime factors of n.
13
Let x(k) = k**3 + k - 7. List the prime factors of x(4).
61
Let q be (0 - -3 - -19) + 3. Let t = q - 17. Suppose -22 = -10*g + t*g. List the prime factors of g.
11
Let q(m) = 3*m**2 - 3*m - 1. Let n be q(-2). Suppose 0 = -5*i + 2 + 13. Let f = n - i. What are the prime factors of f?
2, 7
Let o be -1*(-6)/(-3)*-1. Suppose -o*g - 3*h - 22 = -3*g, 0 = -3*g + 3*h + 42. List the prime factors of g.
2, 5
Suppose g - 4*h = 1, -5*g - 2*h - 22 = -71. Let p be (-60)/(-50)*(-10)/(-4). Suppose p*l - g = 21. What are the prime factors of l?
2, 5
Let p(y) be the second derivative of y**3/2 - y**2 + y. What are the prime factors of p(5)?
13
Let h(s) = -4*s - 1. Let g be h(-1). Suppose g*k = 37 - 7. What are the prime factors of k?
2, 5
Suppose -n = -2*n. Suppose n*y + y = 30. List the prime factors of y.
2, 3, 5
Let r = 0 + -3. Let a = r - -10. List the prime factors of a.
7
Let n(g) = 40*g - 6. What are the prime factors of n(2)?
2, 37
Let j(i) be the second derivative of i**4/12 - 7*i**3/6 + 2*i**2 - 5*i. List the prime factors of j(9).
2, 11
Let w = -289 - -422. What are the prime factors of w?
7, 19
Let i = -10 - -5. Let v = i - -13. List the prime factors of v.
2
Let b = 451 - 297. List the prime factors of b.
2, 7, 11
Let f be (21 - -3)/4 - 3. Suppose 2*g - 9 = n, -f*g - 3*n + 13 = -5*n. What are the prime factors of g?
5
Suppose 9 = 5*d - 2*d. Suppose 0 = a - d*a. Suppose a = 2*p - 5*g - 6, g + g = -2*p + 6. List the prime factors of p.
3
Suppose -5*z = 11 - 106. What are the prime factors of z?
19
Suppose -h = -2*x + 15, 5*x + 5*h + 9 = 4*x. What are the prime factors of x?
2, 3
Let j(p) = -p**2 + 11*p + 8. List the prime factors of j(8).
2
Suppose 5*c - 2*l = 273, 6*l - 4*l - 204 = -4*c. List the prime factors of c.
53
Suppose 4 = k - 2*q, -18 = -5*k + 4*q - 4. Let u = 2 + k. What are the prime factors of u?
2
Let n(t) be the first derivative of -t**4/4 - 5*t**3/3 - 3*t**2/2 - 5*t - 4. Let k be n(-5). Suppose 0 = b - 0*b - k. List the prime factors of b.
2, 5
Suppose j + 5*r = -j + 38, 0 = 2*j - 3*r - 38. Suppose -j = -g + y, -g + 4*y - 14 = -48. Suppose 3*z + n = 42, 3*n + g = z - 2*n. List the prime factors of z.
2, 7
Let d = 19 + 11. List the prime factors of d.
2, 3, 5
Let h be 1 - ((-3 - 0) + 0). What are the prime factors of 2 + (-5)/((-10)/h)?
2
Suppose k = 28 + 8. What are the prime factors of k?
2, 3
Let m(j) = -4*j - 2. Let n(g) = -2*g - 1. Let z(u) = -6*m(u) + 13*n(u). Suppose -2*l = 3*r + 3, 3*l - 6*l + r = 32. List the prime factors of z(l).
17
Let n = -31 - -43. What are the prime factors of n?
2, 3
Let y be (0 - 1)*-2 - -3. Suppose -4*k - 2 = -y*k. What are the prime factors of k?
2
Let g = 3 + 102. Suppose -g = -5*v - 0*v. What are the prime factors of v?
3, 7
Suppose 9 = b + 4*q, -3*b + 0*q = -q + 12. Let t be (-34)/(-3)*b/(-2). List the prime factors of -3*(2 - t/3).
11
Let n(d) = -d**3 - 4*d**2 - 4*d + 2. Let b be 2/(-7) - 130/35. List the prime factors of n(b).
2, 3
Let q(h) = h**3 - 5*h**2 - 4*h - 5. Suppose 0*k = -m - 5*k + 1, 5*k = m - 11. What are the prime factors of q(m)?
7
Suppose d - 3*d = -270. Suppose -10*s - d = -13*s. What are the prime factors of s?
3, 5
Suppose 162 + 252 = 3*z. What are the prime factors of z?
2, 3, 23
Suppose -3*p = -u - 9, -3*p = 2*u + 2*u - 9. What are the prime factors of (-5)/(u + -1) - 1?
2
Suppose -4*f = -2*i - 36, -32 = -5*f + f + 3*i. Suppose -2*l - l = -57. Suppose 2 = 3*m + 3*z - l, -2*m + f = 3*z. What are the prime factors of m?
2, 5
Let x be -10*3*(-1)/(-3). What are the prime factors of (-2 + x/(-4))*14?
7
What are the prime factors of 3 - 13 - -7 - (-281 - 1)?
3, 31
Let m(n) be the first derivative of 7*n**2/2 - 4*n + 10. Suppose 0*z + 5*z - 4*y = 35, 0 = -z - 4*y - 17. List the prime factors of m(z).
17
Suppose -5*y = -3*r - 186, 2*y - 6*y = 4*r - 168. What are the prime factors of y?
3, 13
Let n(w) = -w**3 + w**2 + w + 1. What are the prime factors of n(-3)?
2, 17
Let v be (-16)/(-1)*(-1 + 0). Let j be v/(-6) + 2/6. Suppose -b = -g - j*b + 4, 0 = 2*g - b - 3. List the prime factors of g.
2
Let r(h) = h + 2 + 0 - 3*h + 3*h. List the prime factors of r(4).
2, 3
Suppose 4*n - 1 = -g, -4*g - 5*n + 5 = 1. Suppose -i + 1 = 2*c - 1, 0 = 3*i - 5*c - 28. Let u = g + i. List the prime factors of u.
7
Let v be 53/2 - 1/2. Let x = v - 17. What are the prime factors of x?
3
Suppose -1 = 2*s - 11. Let y(h) = -h**2 + 9*h + 4. Let q be y(s). Let f = -10 + q. List the prime factors of f.
2, 7
Let r(s) = 25*s - 43. List the prime factors of r(12).
257
Suppose 0 = 2*y + 6 + 14. Let u(x) = x**2 + 10*x - 9. Let n be u(-9). Let g = y - n. List the prime factors of g.
2
Let n be -1 + 0 + 0 - -34. Suppose -3 + n = -2*u. What are the prime factors of (12/(-10))/(2/u)?
3
Let n(a) = a**2 - 2*a + 2. Let x(t) = 4*t**3 - 2*t**2 + 1. Let j be x(1). Let g(h) = -h**2 + 3*h + 2. Let v be g(j). List the prime factors of n(v).
2
Let a(i) = -i**3 - i**2 + 3*i - 1. Suppose -8 = -5*s + x - 23, 2*s + 4*x + 6 = 0. Let g be s - 0 - 0/2. List the prime factors of a(g).
2
Let w = -14 + 23. Suppose s - 2 = 1. Suppose s*k = 3*d - w, 0 = -4*d - 3*k + 15 + 18. List the prime factors of d.
2, 3
Suppose 4 = -2*f + 3*f. Let a(m) = 4*m + 5. List the prime factors of a(f).
3, 7
Suppose 7*b = 2*b + 700. Suppose 0 = -3*o + 5*j + b, -3*o - 2*j + 230 = o. What are the prime factors of o?
5, 11
List the prime factors of (-14 + 9)*(-2)/5.
2
Suppose 5*l + 51 - 6 = 0. Let w = -7 - l. Suppose -y + w*y - 4*n - 26 = 0, 0 = 3*y + 3*n - 63. What are the prime factors of y?
2, 11
Let l be (0/(-8))/(-1*1). Suppose -x = -m - 12, l = -3*x + 4*m + m + 44. What are the prime factors of x?
2
Suppose -5*d = j - 19, -2*j = -0*d + 5*d - 23. Let y = -4 + j. What are the prime factors of 6/1 - (1 + y)?
5
Suppose -4*j = -j - 9. What are the prime factors of 12/(0 - (-2)/j)?
2, 3
Suppose z = 5*z - 100. Let r = 53 - z. What are the prime factors of r?
2, 7
Let h be (1 + -1)*(-2)/(-4). Suppose -13 = 4*j + 3*y + 2*y, -2*y = 10. Let f = j + h. What are the prime factors of f?
3
Let g = -16 - -63. Let x = 12 + -44. Let t =